divided by ((-4)/(-10))/(-2 + 1881/f)?
30
Suppose k - 205 = 4*n, 178*k + 4*n = 176*k + 470. What is the remainder when 15524 is divided by k?
224
What is the remainder when 956 is divided by ((-3)/1)/(51/(-153)) - -179?
16
Let v = -22651 - -22905. Calculate the remainder when 1283 is divided by v.
13
Let p(l) = 12*l**2 - l - 8. Let g be p(-9). Suppose 2*d - g = d. What is the remainder when (-1)/3 + d/21 is divided by 12?
10
Let s = -287 - -307. Suppose z - 5*z + 3*i = -72, -5*i = s. Calculate the remainder when 778 is divided by z.
13
Suppose 5*y + 112 = -128. Let p = 50 + y. Suppose -5*m + p*k + 24 = -124, 5*k + 132 = 4*m. What is the remainder when m is divided by 8?
4
Calculate the remainder when 325 is divided by -3 - -3*575/15.
101
Let z be 57*(-9)/81*-3. Suppose -7*k - z*k + 4160 = 0. What is the remainder when k is divided by 82?
78
Let w(v) = 14*v**2 - v - 1. Suppose 3*r = -3*l + 327, r = -2*l + 245 - 130. What is the remainder when r is divided by w(2)?
50
Let t = -16024 - -16307. Calculate the remainder when t is divided by 59.
47
Suppose 169 = 8*m - 71. Let h be -7 + 8 + 2*-1. Calculate the remainder when h*(2 + -150 + -1) is divided by m.
29
Let z = 7 + 9. Let b = -2 - -21. Suppose b*o + 140 = 24*o. What is the remainder when o is divided by z?
12
Suppose 26 = g + 3*g - 3*z, -5*g - 3*z = -19. Suppose 0 = g*o - 5*d - 140, -5*d = -0*o - 2*o + 41. What is the remainder when 70 is divided by o?
4
Let q(v) = -20*v + 82. Let w(o) = -o**3 - 9*o**2 - o + 12. Calculate the remainder when w(-9) is divided by q(4).
1
Suppose 3*v - 4*h = 1417, 4*h = 28*v - 24*v - 1896. Let q = v - 466. Calculate the remainder when 22 is divided by q.
9
Suppose -2072 = -15*a - 1112. Suppose 2*g = -2*g + 88. What is the remainder when a is divided by g?
20
Let p be (72/39 - 2) + 5449/13. Suppose -p*a - 132 = -421*a. Calculate the remainder when 658 is divided by a.
64
Let u(t) = -44*t + 450. What is the remainder when u(-13) is divided by 8?
6
Let p(k) = 15*k + 13. Let r be p(6). Let v(c) = -5*c - 119. What is the remainder when (-2 - (-5 - -2))*r is divided by v(-28)?
19
Let q = 697 - 680. Suppose -4*m + 133 = 3*b, 14*b - 5*m + 128 = q*b. What is the remainder when 91 is divided by b?
40
Suppose -3*w - 5*k + 211 = 0, 2*w - 119 = 68*k - 67*k. Calculate the remainder when w is divided by 26.
10
Let v = 135 - 59. Suppose -1027*z + 1025*z = 3*w - 416, z - 3*w - 244 = 0. Calculate the remainder when z is divided by v.
68
Suppose -4*r - 16 = 0, -v + 10*v - 3*r = 237. What is the remainder when 3297 is divided by v?
22
Suppose -5*y - i - 416 = 0, 3*i = 17 - 5. Calculate the remainder when y/(-24)*2/1 is divided by 2.
1
Let r be (-2)/4 - 44/(-8). Suppose 2*w = r*w - 21. Calculate the remainder when (193 - 182)/(1/2) is divided by w.
1
Suppose w = 3, 2*l - w + 8 = 19. Let h(v) = v**3 - 34*v**2 - 336*v + 25. What is the remainder when h(42) is divided by l?
4
Let d(v) = -58*v**3 + 9*v**2 + 19*v. Calculate the remainder when d(-2) is divided by 15.
12
Suppose -6*z - 4 = -2*z. Let f = 26 + z. Let j = -34 - -80. Calculate the remainder when j is divided by f.
21
Suppose -868 = 647*j - 661*j. Suppose -2*v + j = 3*o + 24, -2*v + 26 = 2*o. Calculate the remainder when 58 is divided by o.
10
Suppose 197 = 3*k - 13*h + 11*h, 5*k + 2*h = 307. What is the remainder when k is divided by 16?
15
Let a(o) = -2*o**2 + 19*o + 6. Let b be a(10). Let f be 1*(-164)/(-1) - b. Suppose -5*p - 5 + f = d, -4 = -4*p. Calculate the remainder when d is divided by 54.
50
Suppose 2*v - 820 = 165 - 295. What is the remainder when v is divided by 125?
95
Suppose -2*k - 3*k = -90. Suppose -s + 173 = 5*j, s - 3*s = 4*j - 136. Suppose -10*z + 17*z - j = 0. Calculate the remainder when k is divided by z.
3
Let k = 1667 - 1568. Let h(y) = -y**2 + 7*y - 3. Let c be h(6). Suppose -c*v = -5*v + 40. What is the remainder when k is divided by v?
19
Suppose 2*n = 4*n, 0 = -5*s + 2*n - 1645. Let o = -62 - s. Calculate the remainder when o is divided by 21.
15
Let x = 34 - 4. Let l(a) = 20 - a**3 - 3*a**2 + 15*a - a**2 + 8*a**2 - 5*a. What is the remainder when x is divided by l(6)?
6
Let d be ((3 - (9 - 5))*-158)/2. Suppose f = -0*f. Suppose -a - 40 = -4*m + 264, m - a - d = f. What is the remainder when m is divided by 19?
18
Suppose -7*m + 13776 = 35*m + 70*m. Suppose 4*s - 12 = 0, 2*x - 92 = -4*s - 16. What is the remainder when m is divided by x?
27
Suppose -p = -s + 158, -s + 0*p + 143 = -4*p. What is the remainder when s is divided by 110?
53
Suppose 3 + 13 = -8*s. Calculate the remainder when (426/(-48)*-4)/(s/(-4)) is divided by 27.
17
Suppose 4*x = m + 21, 3*m - 5*x = 14 - 42. Let g = -685 - -693. What is the remainder when -2 + m + 34 + -3 is divided by g?
4
Let k = -97 + 97. Calculate the remainder when k + 146 + -2*(-4)/4 is divided by 50.
48
Let b = -136 + 165. Calculate the remainder when (-45346)/(-112) + 6/48 is divided by b.
28
Let p(r) = r**3 + 186*r - 898. What is the remainder when p(5) is divided by 151?
6
Suppose 89*d = 66*d + 1932. Suppose 8*b - 12*b - 2*a + 84 = 0, 4*b + 5*a - d = 0. Suppose -y + 0*y + 103 = 0. What is the remainder when y is divided by b?
19
Suppose -9*h - 33 + 123 = 0. Calculate the remainder when 62 is divided by h.
2
Suppose 12 = -4*p - 2*l + 6*l, 5*p = -5*l + 35. Suppose 13*f - 24 - p = 0. What is the remainder when 98 is divided by f*(-4)/((-16)/20)?
8
What is the remainder when 846 is divided by (-1)/(-44 + 39 - 714/(-143))?
131
What is the remainder when 650 is divided by 17 - (7 + 25) - -189?
128
Let j = -3858 + 4363. Calculate the remainder when j is divided by 52.
37
Suppose -6*x - 4*x + 190 = 0. Suppose k + 2*g - 296 - 87 = 0, -738 = -2*k + 3*g. Let j = k - 263. Calculate the remainder when j is divided by x.
17
Let m(i) = i + 7. Let g(c) = -c**2 + 9*c + 13. Let o be g(11). Let h be m(o). What is the remainder when 40 is divided by (6/10)/(h/(-50))?
10
Suppose 61*h - 25*h - 13032 = 0. Calculate the remainder when h is divided by 92.
86
What is the remainder when (11/33)/((-61)/(-31842)) is divided by (-87)/(-2) + (-1)/(-2)?
42
Let r(d) = -d**3 + 7*d**2 - 13*d - 6. Let t be r(7). Let g = -65 - t. Suppose -5*x - g = -3*v, x = 5*x - 8. What is the remainder when 41 is divided by v?
13
Suppose 16*w - 42 = 15*w + 4*n, 4*w - 181 = 3*n. Calculate the remainder when 104 is divided by w.
12
Let l(z) = -1 - 17 - 10 + 99*z - 13 + 11. What is the remainder when l(4) is divided by 23?
21
Let t(s) = 117*s + 6. Let u be t(6). Let l = u + -645. What is the remainder when 215 is divided by l?
26
Suppose -114*g - 4313 - 1391 = -145*g. What is the remainder when g is divided by 105?
79
Suppose 1823 = -34*m + 6243. What is the remainder when 428 is divided by m?
38
Suppose -68600 = -2*q - 2*y, -q = 558*y - 559*y - 34284. Calculate the remainder when q is divided by 19.
16
Let a(g) = -g**2 - 2*g + 3. Let m be a(-4). Suppose 0 = -t + 4 + 3. Let o = t - m. What is the remainder when 45 is divided by o?
9
Let n = 2366 + -1423. What is the remainder when n is divided by 79?
74
Suppose -4517*m + 4546*m - 1914 = 0. Let t = 29 - 63. Let i = t + 51. Calculate the remainder when m is divided by i.
15
Calculate the remainder when 80 is divided by (10/(-2))/((-2)/((-264)/(-55))).
8
Calculate the remainder when 399 is divided by (-11 + 1)/((4/(-6))/(150/225)).
9
Suppose -561 = -3*a + 4*p, -394 = -3*a + a - 4*p. What is the remainder when a is divided by 167?
24
Let k = 24 + -5. Suppose -2*m = -0*m - 12. Suppose -y + 0 + m = -5*r, 0 = 2*r - 2. What is the remainder when k is divided by y?
8
Calculate the remainder when ((-460)/(-92))/(1 + 0 + 300/(-302)) is divided by 75.
5
Let k(w) = -140*w - 8784. What is the remainder when 8063 is divided by k(-63)?
35
Let j = -196 - -196. Suppose -q + 7 = 3*n, 17 = 2*q - j*q + 5*n. What is the remainder when 155 is divided by q?
11
Let v = -3 + 13. Suppose -v*n - 4*n = -168. Suppose 387 = 4*h + 111. Calculate the remainder when h is divided by n.
9
Suppose 0*j - 6*j - 312 = 0. Let h = -41 - j. What is the remainder when 53 is divided by h?
9
Let m(w) = w**3 + 13*w**2 - 3*w - 10. Let x be m(-13). Let g = -46 - -176. Let a = g - x. What is the remainder when a is divided by 17?
16
Suppose 0*n - 5*p + 2035 = 5*n, 5*n = 3*p + 2011. Let g = n - 331. What i